uppose -4*p = 3*s - 986, 191 = p - d*s - 67. Suppose 0 = -3*u + 11*u - p. Is u a composite number?
False
Suppose 3*l = 3*g + 582, -3*l + 265 = -5*g - 697. Let c = 109 - g. Is c prime?
False
Is 18856*(-6)/(-240)*35 a prime number?
False
Let x(l) = 33458*l**2 - 4*l + 3. Is x(1) a composite number?
False
Let c = 34233 - 20530. Is c prime?
False
Suppose 66*g - 1342243 = 467015. Is g prime?
False
Let w(l) be the second derivative of l**4/12 - 2*l**3 - 13*l**2 - l. Let k be w(-13). Is (k - 1)*3/(-3 + 6) prime?
False
Is 15*(-15)/(-45) + 1 + 120805 composite?
False
Let f = -15 - 14. Let g = f - -33. Suppose 2*u + 0*u + 376 = g*j, 3*j - u - 283 = 0. Is j a composite number?
True
Let c(q) = -91*q**3 + q**2 - 2*q + 2. Let l be c(1). Let j = 94 + l. Let t(p) = p**3 - p**2 + 2*p - 3. Is t(j) a composite number?
False
Suppose 37*i - 137 - 714 = 0. Let j(m) = 2*m**3 - 48*m + 39. Is j(i) a prime number?
True
Suppose 3*u + o - 19 = 0, -2*o + 25 = 5*u + 3*o. Let g(x) = 6*x**3 - 4*x**2 + 5*x - 12. Let q be g(u). Let v = -448 + q. Is v a composite number?
True
Suppose -6*w + 5*w + 12 = 0. Let z be 128/w*(-444)/(-16). Suppose -k + 0*y + z = -3*y, -3*k + 2*y + 895 = 0. Is k prime?
False
Is ((-28)/(-16))/((-49)/(-1089172)) a composite number?
True
Suppose 4*a - 3*a - 26 = -4*j, 5*a = -3*j + 79. Suppose -8*o - 726 = -a*o. Suppose -o - 475 = -4*k. Is k composite?
False
Let q(o) = -o**2 + o + 6. Let m be (-4 + 0)*(-12)/16. Let t be q(m). Suppose -z + 92 + 167 = 2*u, t = -5*z + 5*u + 1340. Is z a composite number?
True
Is (-1 - (-1)/(-1))/(16/(-245048) - 0) composite?
False
Suppose -n + 67 + 1214 = 0. Suppose 2*r - 3777 = -n. Let b = -707 + r. Is b prime?
True
Suppose -172*m + 544110 = -158*m. Let y be (24/2)/(4/6). Suppose -3*p + y*p = m. Is p a composite number?
False
Suppose 0*b = 3*b - 2*v - 4, -b = -3*v - 13. Let j(c) be the first derivative of 127*c**3/3 + 3*c**2/2 + 7*c + 24. Is j(b) a composite number?
False
Suppose -24243 = -8*i + 10037. Suppose 5*r - 9*r + 3*d = -i, -5361 = -5*r - d. Suppose 5*v - f = -2*f + r, 5*f + 1090 = 5*v. Is v prime?
False
Let v(y) = y**3 - 4*y**2 + y - 2. Suppose d - 3*x = 4, 4*d - 16 = -6*x + 3*x. Let r be v(d). Is 792 - (3 - 4/r) prime?
False
Let k = 559 + -284. Suppose 9*f = -27310 - k. Let l = -1428 - f. Is l prime?
True
Suppose -11692853 = -128*u + 21*u. Is u prime?
True
Let h be ((-1 - 0)/1)/((-8)/(-3576)). Let x = 650 + h. Is x a composite number?
True
Let k = 6255723 - 2362612. Is k composite?
False
Let c = 86 - 98. Let g(w) = -w**3 - 2*w**2 + 2*w - 3. Let l be g(c). Let p = l - 170. Is p prime?
False
Let m = 39923 - 92155. Is m/(-16) - (-1)/2 composite?
True
Let d(m) = 84622*m**2 + 60*m - 9. Is d(-2) prime?
False
Let i(z) = 8*z**3 + 12*z**2 + 95*z + 19. Is i(25) a composite number?
True
Is (100886 - 1)*((-161)/(-23))/7 a composite number?
True
Let t(j) = 14*j**2 + 16*j - 267. Is t(41) prime?
False
Let s(f) = -43304*f + 7741. Is s(-8) a prime number?
False
Let i = 569949 - 361760. Is i prime?
True
Suppose -208*b - 3532530 = -223*b. Is b prime?
False
Let k(h) = -123*h + 61. Let l be k(-24). Suppose 3*z - 3*q - q - l = 0, 5*z - 5060 = -q. Is z a composite number?
True
Suppose -3269*j - 4241227 = -3342*j. Is j a prime number?
True
Let o = 3579 + -2840. Is o prime?
True
Is 4/10*353936635/962 composite?
True
Let h = -60011 + 108120. Is h a composite number?
False
Let g(v) = 60*v + 24. Let a be g(15). Suppose 6*w - 2*w - a = -3*x, 4*w = x - 308. Let q = x + -99. Is q a prime number?
False
Let m = 15 - 35. Let r be 3/15 - (-12664)/m. Let d = r - -1784. Is d composite?
False
Let g = 4861 + -812. Is g a prime number?
True
Let z(j) = 29388*j**2 + 28*j - 213. Is z(5) a prime number?
True
Suppose 4*a + 9266 = 3*x, 0 = 5*x + 4*a - 1026 - 14364. Let c = 4866 - x. Is c/(-16)*(-4)/2 composite?
False
Is (-15337689)/(-8) - (-14)/(-112) a composite number?
True
Is (201286052/1122)/((-4)/(-6)) composite?
True
Suppose -108 - 2242 = -25*v. Suppose -99*u = -v*u - 140095. Is u prime?
True
Let k(m) = 1333*m**2 + 382*m - 2710. Is k(7) a composite number?
True
Suppose 0*b + 4*d + 745 = 3*b, -2*b - d = -493. Let u = b + 41. Suppose -3*p + 5*p - 296 = -5*x, -2*p - x + u = 0. Is p a composite number?
True
Let a = 41 - 56. Let z = -22 - a. Let l(t) = 2*t**2 + 9*t - 16. Is l(z) prime?
True
Let a = 14024 + -8432. Suppose -23239 = -5*f - 2234. Suppose 4*j = 3*m - f, m + 4*j - a = -3*m. Is m a composite number?
False
Let u(c) = c**3 - 35*c**2 - 197*c + 154. Is u(47) prime?
False
Let g(z) = 4*z**2 - 23*z + 18. Let b(a) = -4*a**2 + 22*a - 17. Suppose -4*v - 5*m = -3*v + 21, 0 = 2*v + 2*m + 2. Let p(k) = v*g(k) + 3*b(k). Is p(19) prime?
True
Suppose -10*v + 5*f = -8*v - 747016, 0 = -4*f + 24. Is v composite?
True
Suppose -559105 = -5*p + 5*u, 19*p = 14*p + u + 559105. Is p prime?
True
Suppose 52*q - 60*q = 640. Is -4*(-2)/q + 89422/20 a prime number?
False
Suppose 0 = -5*z + 10, 0*h + 2*z = -h + 45597. Is h prime?
False
Let v(n) = 195*n**2 + n + 3. Let q(g) = -g**2 + g. Suppose 3*a = -m - 6 - 7, 0 = -3*a + 4*m - 8. Let t(h) = a*q(h) + v(h). Is t(1) composite?
False
Suppose -12 = -4*z + i, -6*i + 16 = -2*i. Suppose -4*w + 6253 = 5*o, 3*o - 2206 - 4045 = -z*w. Is w/4 + (-10)/(-20) a prime number?
False
Suppose -2 = 3*z + 4, v + 20 = -5*z. Let m be 8/v*(-11 - (5 - 11)). Suppose 3*p - 7121 = -m*a - a, -p - 1421 = -a. Is a a composite number?
False
Let d = -1077 - -1421. Let c = -410 - -199. Let a = d + c. Is a composite?
True
Suppose -5*d + 173 = -0*x + x, 115 = 3*d - 5*x. Let f = d + -35. Suppose f*u = -5*u + 285. Is u a prime number?
False
Suppose 24*f + 637 = 17*f. Let c = f + 94. Suppose u = -c*v + 464, 2*u - 620 = -4*v + 318. Is u a composite number?
False
Let p be 0 + -3*(-87)/9 + -3. Suppose -30*u + p*u = -15172. Is u composite?
False
Let o(p) = 93 + 1439 + p**3 - 4*p**3 + 2*p**3. Let z be o(0). Suppose 3*m + u = z, 4*u - 2478 = -4*m - 438. Is m prime?
False
Let p(a) = 101176*a + 2707. Is p(15) prime?
True
Let i(y) = -y**3 + 126*y**2 - 164*y + 2515. Is i(94) a composite number?
False
Suppose 4301 - 781 = 5*r. Let h = 364 - -39. Let y = r - h. Is y prime?
False
Suppose 0 = 16*b + 14*b + 47940. Let a = 6105 + b. Is a composite?
False
Is (-2)/3*-1*3999834/36 composite?
False
Suppose 0 = -155*y + 8646807 - 2022262. Is y prime?
False
Suppose 4*a = 2*o - 325646, 2*a = 3*o + 2*o - 814099. Suppose o = 24*i + 7611. Is i composite?
True
Suppose 16225 = 8*r - 10511. Let i = -10 - -14. Suppose 2*n - r = -i*n. Is n a composite number?
False
Let d(l) = -10*l - 40. Let y(m) = 19*m + 81. Let a(j) = 7*d(j) + 4*y(j). Let x be a(-6). Suppose -x*q + 3*q + 18935 = 0. Is q composite?
True
Let z(j) = -823*j + 176. Suppose -43*h - 245 = -8*h. Is z(h) composite?
True
Suppose 2*m - 2*g = 327686, g + 64353 + 263331 = 2*m. Is m composite?
False
Let i = 1104962 + -571089. Suppose 30871 + i = 24*z. Is z prime?
True
Let g = -87 - -87. Is (g + 1)*1512 - -1 a composite number?
True
Let l be (-4)/(-22) - 1272/(-264). Suppose 0 = l*i + f + 1490, -2*i - i = -f + 902. Let m = -88 - i. Is m composite?
False
Let l(f) = 66*f**2 - 17*f + 48. Let z be l(6). Let s = z - 1235. Is s a prime number?
True
Suppose 28*o + 3*b = 17*o + 16242400, 0 = -3*o + 4*b + 4429731. Is o a composite number?
False
Is (-299939765)/(-1791) + 4/9 a prime number?
True
Let c be (22/4)/(1/(-2)). Let n = c + 11. Suppose n = -7*l + 2*l + 545. Is l a composite number?
False
Let b(o) be the second derivative of 1001*o**4/12 + 2*o**3 - 57*o**2/2 - 113*o. Is b(4) prime?
True
Suppose 65*f - 60*f + 53862 - 280427 = 0. Is f a composite number?
True
Let v(b) = b**2 + 14*b - 95. Let c be v(5). Suppose c = 6*t - 6549 - 56805. Is t composite?
False
Let z = -5378 + 67239. Is z composite?
False
Is 343848 + (2 - 3)*(-48 + 53) composite?
True
Let p(w) = -233*w - 2310. Let d be p(-10). Let r(a) be the second derivative of -a**5/20 + 23*a**4/12 - 4*a**3 - 11*a**2/2 - a. Is r(d) prime?
True
Let s = -295 - -981. Suppose 689*g - 14466 = s*g. Is g a prime number?
False
Let v be (9 + -6)*542/6. Suppose 0 = -3*g - 2*y + 5893, -3*y = -g + 254 + 1725. Suppose -g = -6*t + v. Is t a composite number?
False
Suppose 0 = 42*t + 72*t - 2643090. Is t prime?
False
Let y = -305 - -303. Is (27/(-45))/(y/12340*2) prime?
False
Suppose -1597*t + 2757025 = -1572*t.